18 - 377) + (-9 - (-32 - 2))
66
-56 + (21 - 4) + 23 + 53
37
Calculate (2017 - 2010) + (0 - 39) - -17.
-15
Calculate 24 + 4 - (1 - (24 - 45)) - (16 + 1).
-11
What is the value of -13 - -4 - (-89 + (-21 - -63))?
38
Calculate (4 - (9 + (-25 - -27))) + -6.
-13
What is (-2 - -11) + 1 - (44 + -21 + -5 + -8)?
0
Calculate -95 + (153 - 54) - (1 - -37).
-34
What is 80 - (-43 - -110 - -56)?
-43
What is (-11 + 16 + -21 + 13 - (28 - 2)) + -10?
-39
What is -41 - -18 - -17 - (10 - (-13 - -15))?
-14
What is the value of 4 + -6 + 5 + 80 + -97?
-14
Evaluate -1 - 0 - 19 - (-117 - (28 + -91)).
34
Evaluate 10 + (17 - 11) + -11 + -2 + 20 + -8.
15
Evaluate (-3 - 2 - 0 - (229 - 283)) + -2 + 6.
53
What is -1 - -2 - (-2 + 7 - 9) - -24?
29
Calculate -30 + -1 + (-3 - -9) - (2 - 13).
-14
What is -22 + (12 - (-22 - 0)) - 0?
12
Calculate -14 + -1 - (29 + 24 - 64).
-4
What is the value of -1 + 0 + -2 + (-204 - -308 - 100)?
1
What is the value of 228 - 257 - (-26 + -5)?
2
What is 8 + -417 + 429 + 2 + -37?
-15
(26 + -36 - -65) + -120
-65
What is 59 - (70 - 32) - 92?
-71
Calculate 18 + 5 + -3 + 620 + -599 + 4 + 0.
45
Calculate 11 + (-155 + 154 - (-17 - -15 - (0 + 40))).
52
(-19 - (68 + -50)) + 47
10
What is (1238 - 1154) + (1 - 18)?
67
Calculate 45 + -45 + 13 - ((0 - -27) + (12 - 9)).
-17
What is the value of 4 + -16 + -3 + -2 - (26 - (-22 - -40))?
-25
Calculate 11 + -52 + (15 + (-14 - -9) - 7).
-38
Evaluate 48 - (80 + -24) - -45.
37
161 + -139 + 18 + -31
9
Calculate 9 + (159 - 78) + -163.
-73
What is the value of 18 + ((13 - 21) + 4 - -28)?
42
Evaluate (-1 - 41) + -13 + (-29 - (7 - 32)).
-59
(-18 - (-1 - 2)) + 30 + -17 + -22 + 3
-21
What is 1 - 9 - (45 + (7 - -9 - 8 - 0))?
-61
What is 1 + 2 - (-22 + 6) - 55?
-36
What is the value of -30 + 13 + (143 - 174)?
-48
Calculate (3 - (3 - 4)) + -1 - (330 + -343).
16
What is -16 + -15 + 5 + (46 - 13)?
7
What is the value of -50 + 48 + -28 + 1 + -14?
-43
Calculate 212 + -223 + -155 + 163 + (-1 - -73).
69
12 - (7 - -1 - (-436 + 397 - (1 - 26)))
-10
Calculate (3 - 73) + -3 + (4 - 12 - -6 - -5).
-70
(11 - (-3 + 21)) + -15 - -20
-2
What is the value of (-28 - (57 - 34)) + 34?
-17
Calculate -51 + 0 - (-17 + (7 - (15 + -7) - -13)).
-46
Evaluate 1 + 34 + (-6173 - -6255).
117
Calculate 2 - -95 - (120 - 35 - 96).
108
Evaluate 4 + -20 - (-15 - (-29 + 16) - -73).
-87
42 + -2 + (6 - (-8 + (-2 - -13 - -4)))
39
Calculate 18 + (-1 - -10) + 39 + (-38 - -30).
58
Calculate (0 - (-65 - -26)) + -80.
-41
Calculate (4 - 2) + 32 + (-16 - -15) + 10 + -1.
42
What is 21 + (-29 - (-10 - 0) - -55)?
57
(3 - ((18 - 31) + -4 - -7)) + 6 + -1
18
(10 + 1 - 9 - -8) + 0 - -15
25
Evaluate -28 - -39 - 42 - -34.
3
What is 41 + 64 + -114 + -17?
-26
-41 + 48 + (19 - -8) + -5
29
Calculate -28 + -5 + (18 + 22 - 23).
-16
Evaluate -46 - (-5 + 0 + (-30 - -13) + -7 + 22).
-39
What is the value of (3 - -1 - (5 - (-14 - -17))) + (-18 - 36)?
-52
What is the value of 51 - (-5 - (8 + (-23 + 2 - -11)))?
54
What is 65 + (-4 + -24 + 11 - -9 - 4)?
53
Calculate -18 - (-2 + -4 + 3 + -84 + 77) - 19.
-27
-14 - -5 - (11 - -21 - 45)
4
What is 60 + (-6 - 28) + -31?
-5
Calculate 28 + (-45 + -40 - -21).
-36
What is (0 - -47) + -584 + 559?
22
What is -58 + 72 + -125 + 81?
-30
Calculate (-13 + 9 - -26) + (14 - (11 + -8)).
33
What is -16 + (-14 - (34 - 16)) - (1 - -4) - -5?
-48
(5 + -7 - (28 + -15)) + -10
-25
Calculate 11 - (-45 + 21 - (-1 + 24 + -6)).
52
Calculate 26 - (12 + 22 - -33).
-41
Evaluate 39 + (28 - 28) - 6.
33
Calculate 23 - (-15 - -85) - (0 - (3 - 3)).
-47
What is the value of (19 - (4 + (9 - 12))) + -79 - 12?
-73
What is the value of -58 + 12 + (-34 - -6) + -2 + 14?
-62
Calculate (-37 - (-4 + 35 - 88)) + -36.
-16
What is -2 + -1 + -2 + (-22 - -12 - -3 - 65)?
-77
What is the value of 24 + (-9 - (-19 - -28)) + (-2 - -1 - -5)?
10
Calculate -34 + (-6 - (-8 - ((-11 - -13) + -2))).
-32
Evaluate 2 + (-68 - 0 - (3 + -7 + -14 + 15)).
-63
What is the value of -1 + (-3 - (-5 + 1 - (-10 - (17 - 15))))?
-12
Evaluate 13 - (-43 + 44 + 73).
-61
Calculate 75 + -23 + -13 + (29 - 3).
65
-9 + 37 - 7 - 42
-21
-19 - -68 - (-23 - -41)
31
(-285 - -293) + (0 + -1 - (-5 + -1))
13
Evaluate -1 - 4 - 2 - (-104 + 163 + (7 - 1)).
-72
-11 + 19 + -19 + 4 + -42
-49
Evaluate -75 + 5 + -6 - (4 - 3 - -1 - -3).
-81
Evaluate -26 + (-10 + 18 - 30 - -88).
40
What is -4 - -2 - 30 - (-161 - (-151 - 19))?
-41
What is the value of -16 + -10 + -23 + 8?
-41
100 - ((-136 - -118) + 106)
12
(6 - 33) + -32 + (31 - 59)
-87
Evaluate 8 + -47 + 28 - 40.
-51
What is the value of (382 + -308 - (21 + -1)) + (1 - 13)?
42
What is (52 - 10) + (2 - 23)?
21
What is 76 + -63 + 4 + 37?
54
Evaluate (2 - (-33 + -31)) + -47.
19
47 + 1 + -49 + 16 + -1 + -102
-88
Calculate (6 - (34 + 12 + -9 - -8)) + 6.
-33
What is -1 - (15 + (-18 + -73 - 19) - -10)?
84
Calculate (74 - 151) + 64 + (9 - 0).
-4
Evaluate 4 + -6 + -12 + 4 - (8 - 5 - -25).
-38
What is -64 + 47 + 3 + -2 + 8 + (-12 - -1)?
-19
What is the value of 6 + 15 + 46 + 5 + -5 + 20?
87
(9 - (-15 + 17 + 7 + 0)) + 33 + 0
33
Calculate -90 + 134 + -49 + -9.
-14
What is (-2 - -12) + (5 - (-50 + 55)) + -70?
-60
Calculate (-4 - -24 - -4) + -9 - -13.
28
19 - (17 + (-10 - -15)) - 90
-93
0 - 41 - (6003 + -6039)
-5
What is 0 + 28 - (-352 - -358) - 120?
-98
What is 22 + -6 - (6 + 4 - -6) - 17?
-17
-9 + 88 - 78 - 127
-126
(3 + 21 - 3 - (-1 - 7)) + 11
40
Evaluate 39 - ((-15 - (-2 + -8)) + 21).
23
What is 83 + -80 - 122 - -108?
-11
28 - ((85 - -5) + -50)
-12
11 - (-76 + 57 + -31)
61
Calculate 44 + -2 + -80 + 117 + -68.
11
Evaluate 8 + (-40 + 14 - -109 - (-2 - 1)) - -7.
101
Calculate (-49 - (-170 + 51)) + -104.
-34
What is -30 - -58 - 40 - -64?
52
-2 + -8 + 22 + 9 + -27
-6
What is -4 + (41 - (-3 - -33) - -69)?
76
What is the value of 137 + 73 + -225 + 2 + 139 + (-2 - -1)?
125
Calculate 91 + -165 + (155 - 171).
-90
Evaluate (0 + 0 - -6) + -7854 + 7872.
24
What is -16 - (4 - (-11 - -42))?
11
205 + -366 + 150 + 2 + (-31 - 1)
-41
What is -245 + 145 + 0 + 80?
-20
What is (-21 - (4 + -13)) + -2 + -20?
-34
What is -174 + 148 - -23 - 105?
-108
What is 4 - (29 + 18) - (72 + -183)?
68
-86 - (40 + -26 + -56 + 15)
-59
What is (30 - (-20 + 89 + -22 + -2)) + (134 - 0)?
119
0 + (-58 - (19 - 71)) + -9 + 0
-15
What is 1 - 1 - 50 - (-4452 + 4436)?
-34
Evaluate 267 + -355 + 0 + 126.
38
Calculate -19 - (-2 - (21 + 13 + 6)).
23
Calculate (9 - 20) + (-2327 - -2218 - (1 - (1 + 12))).
-108
Evaluate (55 - (140 + -102)) + -110.
-93
-17 + -1 + 38 - 14 - -22
28
Evaluate -46 + 25 + 36 + -23.
-8
-49 + -31 + 126 + -57
-11
Calculate (4 + -6 - 37) + (-148 - -161).
-26
Calculate 24 + (-36 - -24 - (5 + 8)).
-1
Calculate (-20 - -8) + 11 + -12 + -21 + -6 + -12.
-52
Evaluate -14 - (64 + -73 + (2 - -8)).
-15
Calculate (-8 - -13) + -603 + 659.
61
What is the value of -5 + -1 + (36 - 38 - (-5 - -6) - -21)?
12
Calculate (14 - 6) + -17 - (-1 + 22 - (145 - 253)).
-138
Calculate -83 - (26 - (-42 + 80) - 15).
-56
What is -7 + (21 - ((7 - -5) + 2)) + -39?
-39
Calculate -8 + 38 + -41 - 12.
-23
Calculate 6 + (32 - 39) + (5 + (-10 - -1) - -32).
27
What is (-12 - 240) + 241 + (-1 - -42)?
30
-36 + (-1 - (15 + -3) - -20)
-29
What is the value of 41 + (85 - 9) + -48?
69
Evaluate -5 - (-5 + -3 + 4 + 2 + 49 + -63).
11
Calculate -1 + 3 + -48 + (7 - 8 - (3 + -1)).
-49
Evaluate 12 + 19 + (-27 - (3 - 8 - -15)).
-6
(25 - 17 - 62) + -7 + 14
-47
Evaluate 27 - ((-8 - -66) + 8).
-39
(3 - -135) + -175 + 95
58
112 - (-102 + 7 - -174)
33
Calculate (1 - (8 + -10)) + 44 + -32.
15
Evaluate (-38 - -63) + 11 + 6 - (-11 - -19).
34
Evaluate -11 - (-43 - (-22 + 17)).
27
What is (4 - 10) + 151 + -120?
25
What is the value of (2 - 2) + 0 + 11 + (91 - 68 - -10)?
44
What is the value of 12 + -6 + 2 - (9 + -10 + 4)?
5
What is 9145 + -9098 - (0 + (-13 - -2))?
58
Calculate -8 + -21 + 3 + (-21 - 7) + 18.
-36
What is the value of 6 + 29 + 0 + (-175 - -195)?
55
Evaluate 4 + -46 + 5 - -12.
-25
Evaluate 61 + (22 - (47 - -45)).
-9
What is the value of -45 - (-1 - 4 - (13 + -30))?
-57
-24 - 11 - (158 + -284)
91
What is the value of (904 - 849) + -116 + 2?
-59
Calculate (16 - (1 + 0)) + (32 - (114 + -60 + -14)).
7
What is the value of (-274 - -274) + -1 + -35 + (1 - 0)?
-35
Evaluate 111 - (106 + 90) - 27.
-112
Evaluate -13 - (-2 + 0) - (218 + -296).
67
2 + -35 + (329 - 311)
-15
Calculate -126 + 32 + 27 - -59.